{"id":1401,"date":"2015-09-20T15:48:37","date_gmt":"2015-09-20T13:48:37","guid":{"rendered":"http:\/\/intervalphoto\/?page_id=1401"},"modified":"2024-10-01T14:48:37","modified_gmt":"2024-10-01T12:48:37","slug":"portfolio-photographe-d-architecture","status":"publish","type":"page","link":"https:\/\/intervalphoto.fr\/photographe-architecture-et-industrie\/portfolio-photographe-d-architecture\/","title":{"rendered":"photographe d&rsquo;architecture # PORTFOLIO"},"content":{"rendered":"<h2>ARCHITECTURE * photographe d&rsquo;architecture<\/h2>\n<h4>photographe d&rsquo;architecture :\u00a0 projets, d\u00e9tails de R\u00c9ALISATION, geste architectural, ambiances int\u00e9rieures et ext\u00e9rieures,contextualisation, INT\u00c9GRATION.<\/h4>\n","protected":false},"excerpt":{"rendered":"<p>ARCHITECTURE * photographe d&rsquo;architecture photographe d&rsquo;architecture :\u00a0 projets, d\u00e9tails de R\u00c9ALISATION, geste architectural, ambiances int\u00e9rieures et ext\u00e9rieures,contextualisation, INT\u00c9GRATION.<\/p>\n","protected":false},"author":1,"featured_media":3661,"parent":0,"menu_order":0,"comment_status":"closed","ping_status":"closed","template":"template-gallery.php","meta":{"jetpack_post_was_ever_published":false,"footnotes":""},"class_list":["post-1401","page","type-page","status-publish","has-post-thumbnail","hentry"],"yoast_head":"<!-- This site is optimized with the Yoast SEO plugin v27.4 - https:\/\/yoast.com\/product\/yoast-seo-wordpress\/ -->\n<title>INTERVALphoto : portfolio, photographe d&#039;architecture<\/title>\n<meta name=\"description\" content=\"photographe d&#039;ARCHITECTURE, corporate, institutions, artisans, industrie, commer\u00e7ants, agences immobili\u00e8re, maitrise d&#039;ouvrage, SEM. Bretagne et Grand Ouest\" \/>\n<meta name=\"robots\" content=\"index, follow, max-snippet:-1, max-image-preview:large, max-video-preview:-1\" \/>\n<link rel=\"canonical\" href=\"https:\/\/intervalphoto.fr\/photographe-architecture-et-industrie\/portfolio-photographe-d-architecture\/\" \/>\n<meta property=\"og:locale\" content=\"fr_FR\" \/>\n<meta property=\"og:type\" content=\"article\" \/>\n<meta property=\"og:title\" content=\"INTERVALphoto : portfolio, photographe d&#039;architecture\" \/>\n<meta property=\"og:description\" content=\"photographe d&#039;ARCHITECTURE, corporate, institutions, artisans, industrie, commer\u00e7ants, agences immobili\u00e8re, maitrise d&#039;ouvrage, SEM. Bretagne et Grand Ouest\" \/>\n<meta property=\"og:url\" content=\"https:\/\/intervalphoto.fr\/photographe-architecture-et-industrie\/portfolio-photographe-d-architecture\/\" \/>\n<meta property=\"og:site_name\" content=\"INTERVALphoto\" \/>\n<meta property=\"article:publisher\" content=\"https:\/\/www.facebook.com\/intervalphoto35\/\" \/>\n<meta property=\"article:modified_time\" content=\"2024-10-01T12:48:37+00:00\" \/>\n<meta property=\"og:image\" content=\"https:\/\/i0.wp.com\/intervalphoto.fr\/wp-content\/uploads\/2015\/09\/portfolio-archi-201509-147.jpg?fit=1157%2C768&ssl=1\" \/>\n\t<meta property=\"og:image:width\" content=\"1157\" \/>\n\t<meta property=\"og:image:height\" content=\"768\" \/>\n\t<meta property=\"og:image:type\" content=\"image\/jpeg\" \/>\n<meta name=\"twitter:card\" content=\"summary_large_image\" \/>\n<meta name=\"twitter:site\" content=\"@intervalphoto35\" \/>\n<script type=\"application\/ld+json\" class=\"yoast-schema-graph\">{\"@context\":\"https:\\\/\\\/schema.org\",\"@graph\":[{\"@type\":\"WebPage\",\"@id\":\"https:\\\/\\\/intervalphoto.fr\\\/photographe-architecture-et-industrie\\\/portfolio-photographe-d-architecture\\\/\",\"url\":\"https:\\\/\\\/intervalphoto.fr\\\/photographe-architecture-et-industrie\\\/portfolio-photographe-d-architecture\\\/\",\"name\":\"INTERVALphoto : portfolio, photographe d'architecture\",\"isPartOf\":{\"@id\":\"https:\\\/\\\/intervalphoto.fr\\\/photographe-architecture-et-industrie\\\/#website\"},\"primaryImageOfPage\":{\"@id\":\"https:\\\/\\\/intervalphoto.fr\\\/photographe-architecture-et-industrie\\\/portfolio-photographe-d-architecture\\\/#primaryimage\"},\"image\":{\"@id\":\"https:\\\/\\\/intervalphoto.fr\\\/photographe-architecture-et-industrie\\\/portfolio-photographe-d-architecture\\\/#primaryimage\"},\"thumbnailUrl\":\"https:\\\/\\\/i0.wp.com\\\/intervalphoto.fr\\\/wp-content\\\/uploads\\\/2015\\\/09\\\/portfolio-archi-201509-147.jpg?fit=1157%2C768&ssl=1\",\"datePublished\":\"2015-09-20T13:48:37+00:00\",\"dateModified\":\"2024-10-01T12:48:37+00:00\",\"description\":\"photographe d'ARCHITECTURE, corporate, institutions, artisans, industrie, commer\u00e7ants, agences immobili\u00e8re, maitrise d'ouvrage, SEM. Bretagne et Grand Ouest\",\"breadcrumb\":{\"@id\":\"https:\\\/\\\/intervalphoto.fr\\\/photographe-architecture-et-industrie\\\/portfolio-photographe-d-architecture\\\/#breadcrumb\"},\"inLanguage\":\"fr-FR\",\"potentialAction\":[{\"@type\":\"ReadAction\",\"target\":[\"https:\\\/\\\/intervalphoto.fr\\\/photographe-architecture-et-industrie\\\/portfolio-photographe-d-architecture\\\/\"]}]},{\"@type\":\"ImageObject\",\"inLanguage\":\"fr-FR\",\"@id\":\"https:\\\/\\\/intervalphoto.fr\\\/photographe-architecture-et-industrie\\\/portfolio-photographe-d-architecture\\\/#primaryimage\",\"url\":\"https:\\\/\\\/i0.wp.com\\\/intervalphoto.fr\\\/wp-content\\\/uploads\\\/2015\\\/09\\\/portfolio-archi-201509-147.jpg?fit=1157%2C768&ssl=1\",\"contentUrl\":\"https:\\\/\\\/i0.wp.com\\\/intervalphoto.fr\\\/wp-content\\\/uploads\\\/2015\\\/09\\\/portfolio-archi-201509-147.jpg?fit=1157%2C768&ssl=1\",\"width\":1157,\"height\":768,\"caption\":\"\u00c2\u00a9INTERVALphoto\"},{\"@type\":\"BreadcrumbList\",\"@id\":\"https:\\\/\\\/intervalphoto.fr\\\/photographe-architecture-et-industrie\\\/portfolio-photographe-d-architecture\\\/#breadcrumb\",\"itemListElement\":[{\"@type\":\"ListItem\",\"position\":1,\"name\":\"Accueil\",\"item\":\"https:\\\/\\\/intervalphoto.fr\\\/photographe-architecture-et-industrie\\\/\"},{\"@type\":\"ListItem\",\"position\":2,\"name\":\"photographe d&rsquo;architecture # PORTFOLIO\"}]},{\"@type\":\"WebSite\",\"@id\":\"https:\\\/\\\/intervalphoto.fr\\\/photographe-architecture-et-industrie\\\/#website\",\"url\":\"https:\\\/\\\/intervalphoto.fr\\\/photographe-architecture-et-industrie\\\/\",\"name\":\"INTERVALphoto\",\"description\":\"revealing...\",\"potentialAction\":[{\"@type\":\"SearchAction\",\"target\":{\"@type\":\"EntryPoint\",\"urlTemplate\":\"https:\\\/\\\/intervalphoto.fr\\\/photographe-architecture-et-industrie\\\/?s={search_term_string}\"},\"query-input\":{\"@type\":\"PropertyValueSpecification\",\"valueRequired\":true,\"valueName\":\"search_term_string\"}}],\"inLanguage\":\"fr-FR\"}]}<\/script>\n<!-- \/ Yoast SEO plugin. -->","yoast_head_json":{"title":"INTERVALphoto : portfolio, photographe d'architecture","description":"photographe d'ARCHITECTURE, corporate, institutions, artisans, industrie, commer\u00e7ants, agences immobili\u00e8re, maitrise d'ouvrage, SEM. Bretagne et Grand Ouest","robots":{"index":"index","follow":"follow","max-snippet":"max-snippet:-1","max-image-preview":"max-image-preview:large","max-video-preview":"max-video-preview:-1"},"canonical":"https:\/\/intervalphoto.fr\/photographe-architecture-et-industrie\/portfolio-photographe-d-architecture\/","og_locale":"fr_FR","og_type":"article","og_title":"INTERVALphoto : portfolio, photographe d'architecture","og_description":"photographe d'ARCHITECTURE, corporate, institutions, artisans, industrie, commer\u00e7ants, agences immobili\u00e8re, maitrise d'ouvrage, SEM. Bretagne et Grand Ouest","og_url":"https:\/\/intervalphoto.fr\/photographe-architecture-et-industrie\/portfolio-photographe-d-architecture\/","og_site_name":"INTERVALphoto","article_publisher":"https:\/\/www.facebook.com\/intervalphoto35\/","article_modified_time":"2024-10-01T12:48:37+00:00","og_image":[{"width":1157,"height":768,"url":"https:\/\/i0.wp.com\/intervalphoto.fr\/wp-content\/uploads\/2015\/09\/portfolio-archi-201509-147.jpg?fit=1157%2C768&ssl=1","type":"image\/jpeg"}],"twitter_card":"summary_large_image","twitter_site":"@intervalphoto35","schema":{"@context":"https:\/\/schema.org","@graph":[{"@type":"WebPage","@id":"https:\/\/intervalphoto.fr\/photographe-architecture-et-industrie\/portfolio-photographe-d-architecture\/","url":"https:\/\/intervalphoto.fr\/photographe-architecture-et-industrie\/portfolio-photographe-d-architecture\/","name":"INTERVALphoto : portfolio, photographe d'architecture","isPartOf":{"@id":"https:\/\/intervalphoto.fr\/photographe-architecture-et-industrie\/#website"},"primaryImageOfPage":{"@id":"https:\/\/intervalphoto.fr\/photographe-architecture-et-industrie\/portfolio-photographe-d-architecture\/#primaryimage"},"image":{"@id":"https:\/\/intervalphoto.fr\/photographe-architecture-et-industrie\/portfolio-photographe-d-architecture\/#primaryimage"},"thumbnailUrl":"https:\/\/i0.wp.com\/intervalphoto.fr\/wp-content\/uploads\/2015\/09\/portfolio-archi-201509-147.jpg?fit=1157%2C768&ssl=1","datePublished":"2015-09-20T13:48:37+00:00","dateModified":"2024-10-01T12:48:37+00:00","description":"photographe d'ARCHITECTURE, corporate, institutions, artisans, industrie, commer\u00e7ants, agences immobili\u00e8re, maitrise d'ouvrage, SEM. Bretagne et Grand Ouest","breadcrumb":{"@id":"https:\/\/intervalphoto.fr\/photographe-architecture-et-industrie\/portfolio-photographe-d-architecture\/#breadcrumb"},"inLanguage":"fr-FR","potentialAction":[{"@type":"ReadAction","target":["https:\/\/intervalphoto.fr\/photographe-architecture-et-industrie\/portfolio-photographe-d-architecture\/"]}]},{"@type":"ImageObject","inLanguage":"fr-FR","@id":"https:\/\/intervalphoto.fr\/photographe-architecture-et-industrie\/portfolio-photographe-d-architecture\/#primaryimage","url":"https:\/\/i0.wp.com\/intervalphoto.fr\/wp-content\/uploads\/2015\/09\/portfolio-archi-201509-147.jpg?fit=1157%2C768&ssl=1","contentUrl":"https:\/\/i0.wp.com\/intervalphoto.fr\/wp-content\/uploads\/2015\/09\/portfolio-archi-201509-147.jpg?fit=1157%2C768&ssl=1","width":1157,"height":768,"caption":"\u00c2\u00a9INTERVALphoto"},{"@type":"BreadcrumbList","@id":"https:\/\/intervalphoto.fr\/photographe-architecture-et-industrie\/portfolio-photographe-d-architecture\/#breadcrumb","itemListElement":[{"@type":"ListItem","position":1,"name":"Accueil","item":"https:\/\/intervalphoto.fr\/photographe-architecture-et-industrie\/"},{"@type":"ListItem","position":2,"name":"photographe d&rsquo;architecture # PORTFOLIO"}]},{"@type":"WebSite","@id":"https:\/\/intervalphoto.fr\/photographe-architecture-et-industrie\/#website","url":"https:\/\/intervalphoto.fr\/photographe-architecture-et-industrie\/","name":"INTERVALphoto","description":"revealing...","potentialAction":[{"@type":"SearchAction","target":{"@type":"EntryPoint","urlTemplate":"https:\/\/intervalphoto.fr\/photographe-architecture-et-industrie\/?s={search_term_string}"},"query-input":{"@type":"PropertyValueSpecification","valueRequired":true,"valueName":"search_term_string"}}],"inLanguage":"fr-FR"}]}},"jetpack_sharing_enabled":true,"jetpack_likes_enabled":true,"jetpack-related-posts":[],"_links":{"self":[{"href":"https:\/\/intervalphoto.fr\/photographe-architecture-et-industrie\/wp-json\/wp\/v2\/pages\/1401","targetHints":{"allow":["GET"]}}],"collection":[{"href":"https:\/\/intervalphoto.fr\/photographe-architecture-et-industrie\/wp-json\/wp\/v2\/pages"}],"about":[{"href":"https:\/\/intervalphoto.fr\/photographe-architecture-et-industrie\/wp-json\/wp\/v2\/types\/page"}],"author":[{"embeddable":true,"href":"https:\/\/intervalphoto.fr\/photographe-architecture-et-industrie\/wp-json\/wp\/v2\/users\/1"}],"replies":[{"embeddable":true,"href":"https:\/\/intervalphoto.fr\/photographe-architecture-et-industrie\/wp-json\/wp\/v2\/comments?post=1401"}],"version-history":[{"count":0,"href":"https:\/\/intervalphoto.fr\/photographe-architecture-et-industrie\/wp-json\/wp\/v2\/pages\/1401\/revisions"}],"wp:featuredmedia":[{"embeddable":true,"href":"https:\/\/intervalphoto.fr\/photographe-architecture-et-industrie\/wp-json\/wp\/v2\/media\/3661"}],"wp:attachment":[{"href":"https:\/\/intervalphoto.fr\/photographe-architecture-et-industrie\/wp-json\/wp\/v2\/media?parent=1401"}],"curies":[{"name":"wp","href":"https:\/\/api.w.org\/{rel}","templated":true}]}}