{"id":184,"date":"2015-09-16T20:20:44","date_gmt":"2015-09-16T18:20:44","guid":{"rendered":"http:\/\/intervalphoto\/?page_id=184"},"modified":"2025-11-03T12:13:57","modified_gmt":"2025-11-03T10:13:57","slug":"intervalphoto-photographe-darchitecture","status":"publish","type":"page","link":"https:\/\/intervalphoto.fr\/photographe-architecture-et-industrie\/","title":{"rendered":"INTERVALphoto, photographe d&rsquo;architecture"},"content":{"rendered":"<div class=\"wpb-content-wrapper\"><p>[vc_row][vc_column css=\u00a0\u00bb.vc_custom_1456417434079{background-position: center !important;background-repeat: no-repeat !important;background-size: cover !important;}\u00a0\u00bb][vc_text_separator title=\u00a0\u00bbPRESTATIONS type\u00a0\u00bb subtitle=\u00a0\u00bbphotographe d&rsquo;architecture, industrie, commerce, institutions, Maitrise d&rsquo;ouvrage, promotion immobili\u00c3\u00a8re, site web&#8230;\u00a0\u00bb style=\u00a0\u00bbsmall\u00a0\u00bb align=\u00a0\u00bbcenter\u00a0\u00bb][vc_column_text]<\/p>\n<p style=\"text-align: left;\">*<strong>PHOTOGRAPHE D&rsquo;ARCHITECTURE<\/strong> : Reportages complets d&rsquo;architecture (int\u00e9rieures et\/ou ext\u00e9rieures) mais aussi, suivi de chantier, appels d&rsquo;offres et books ainsi que monographies d&rsquo;Art et \u00e9tat des lieux &#8230;<\/p>\n<p style=\"text-align: left;\">* <strong>PHOTOGRAPHE D&rsquo;ARCHITECTURE<\/strong> pour <strong>Groupes BTP, MAITRISE D&rsquo;OUVRAGE, Soci\u00e9t\u00e9 de construction \u00e0 \u00e9conomie Mixte, bureaux d&rsquo;\u00e9tude, Industrie, CONSTRUCTION, Fabricants, ARTISANS <\/strong>: photographe d&rsquo;architecture et photographie immobili\u00e8re. Pour vos biens de standing mais \u00e9galement vos suivis de chantiers. Photographies de vos sites de production, ateliers et entrep\u00f4ts. Ainsi que les visuels, portraits, team-book pour votre communication corporate&#8230;<\/p>\n<p style=\"text-align: left;\">* <strong>PHOTOGRAPHE<\/strong> pour <strong>Agences de COMMUNICATION, COMMER<span class=\"BxUVEf ILfuVd\" lang=\"fr\"><span class=\"hgKElc\">\u00c7<\/span><\/span>ANTS <\/strong>: photographies pour vos campagnes publicitaires ainsi que vos projets \u00e9ditoriaux, votre communication print et web&#8230;<\/p>\n<p style=\"text-align: left;\">* <strong>PHOTOGRAPHE D&rsquo;ARCHITECTURE<\/strong> pour <strong>Agences IMMOBILI\u00c8RES, H\u00d4TELLERIE<\/strong> : Valoriser vos demeures de prestige, h\u00f4tels particuliers. Photographe d&rsquo;architecture pour maisons d&rsquo;architecte, lofts&#8230; Photographe pour\u00a0 vos espaces d&rsquo;accueil, chambres, restaurants, menus, \u00e9quipements sportifs&#8230;<\/p>\n<p style=\"text-align: left;\">* <strong>PHOTOGRAPHE<\/strong> pour <strong>PAYSAGISTES, URBANISTES <\/strong>: photographies de vos am\u00e9nagements, de vos am\u00e9nagements v\u00e9g\u00e9talis\u00e9s et paysagers, des syst\u00e8mes d&rsquo;\u00e9clairage, terrasses, photographe d&rsquo;architecture&#8230;<\/p>\n<p style=\"text-align: left;\">* <strong>PHOTOGRAPHE D&rsquo;ARCHITECTURE <\/strong>pour <strong>COLLECTIVIT\u00c9S TERRITORIALES, MAIRIES, COM-COM <\/strong>: photographies de b\u00e2timents, d&rsquo;\u00e9quipements publics, d&rsquo;am\u00e9nagements paysagers, de voirie&#8230; Pour vos publications et revues, articles, inventaire mais \u00e9galement veille patrimoniale&#8230;<\/p>\n<p style=\"text-align: left;\">* <strong>PHOTOGRAPHE<\/strong> pour <strong>Professionnels de la MUS\u00c9OGRAPHIE, SC\u00c9NOGRAPHIE, animation, ASSOCIATIONS <\/strong>: mise en image du travail de sc\u00e9nographie, mus\u00e9ographie mais \u00e9galement restaurateurs, installateurs&#8230;<\/p>\n<p style=\"text-align: left;\">* <strong>PHOTOGRAPHE D&rsquo;ARCHITECTURE<\/strong> pour <strong>INSTITUTIONS, Offices de TOURISME<\/strong> : photographe d&rsquo;architecture, photographies du patrimoine historique, naturel et local pour l&rsquo;illustration de vos documents, sites web, affiches&#8230;<\/p>\n<p>[\/vc_column_text][\/vc_column][\/vc_row][vc_row][vc_column][vc_column_text]<\/p>\n<h4 style=\"text-align: center; font-color: gray;\">*reportages professionnels : photographe d\u2019architecture, d&rsquo;Industrie, Ing\u00e9nierie, B.E.T, Artisanat, M.O.A, S.E.M, Paysagisme, Urbanisme, D\u00e9coration, Am\u00e9nagement, Institutions, Commerce, IMMOBILIER, Communication&#8230;<\/h4>\n<h4 style=\"text-align: center; font-color: gray;\">Rennes, Nantes, r\u00e9gion Pays de Loire, r\u00e9gion BRETAGNE et Grand OUEST.<\/h4>\n<p>[\/vc_column_text][\/vc_column][\/vc_row][vc_row][vc_column][vc_column_text]<\/p>\n<p style=\"text-align: left;\"><strong>LIENS de la page :<\/strong><\/p>\n<p><a href=\"http:\/\/www.all-architectes.fr\" target=\"_blank\" rel=\"noopener noreferrer\">www.all-architectes.fr<\/a> \/ <a href=\"http:\/\/www.aa41.fr\" target=\"_blank\" rel=\"noopener noreferrer\">www.aa41.fr<\/a> \/ <a href=\"http:\/\/www.studio-02.com\" target=\"_blank\" rel=\"noopener noreferrer\">www.studio-02.com<\/a> \/ <a href=\"http:\/\/www.atelierarcau.fr\" target=\"_blank\" rel=\"noopener noreferrer\">www.atelierarcau.fr<\/a> \/ <a href=\"http:\/\/www.barbosa-guimaraes.com\" target=\"_blank\" rel=\"noopener noreferrer\">www.barbosa-guimaraes.com<\/a> \/ <a href=\"http:\/\/www.oma.eu\" target=\"_blank\" rel=\"noopener noreferrer\">www.oma.eu<\/a> \/ <a href=\"http:\/\/www.peoch-rubio.com\" target=\"_blank\" rel=\"noopener noreferrer\">www.peoch-rubio.com<\/a> \/ <a href=\"http:\/\/www.antonini-darmon.fr\" target=\"_blank\" rel=\"noopener noreferrer\">www.antonini-darmon.fr <\/a>\/ <a href=\"http:\/\/www.peripheriques-architectes.com\" target=\"_blank\" rel=\"noopener noreferrer\">www.peripheriques-architectes.com<\/a> \/<a href=\"http:\/\/www.lebaron-gwenael.com\" target=\"_blank\" rel=\"noopener noreferrer\"> www.lebaron-gwenael.com<\/a> \/ <a href=\"http:\/\/www.hauvette.net\" target=\"_blank\" rel=\"noopener noreferrer\">www.hauvette.net<\/a> \/ <a href=\"http:\/\/www.guineepotin.fr\" target=\"_blank\" rel=\"noopener noreferrer\">www.guineepotin.fr<\/a> \/ <a href=\"http:\/\/www.cgarchitectes.fr\" target=\"_blank\" rel=\"noopener noreferrer\">www.cgarchitectes.fr<\/a> \/ <a href=\"http:\/\/www.ericlenoir.com\" target=\"_blank\" rel=\"noopener noreferrer\">www.ericlenoir.com<\/a> \/ <a href=\"http:\/\/www.picharchitects.com\" target=\"_blank\" rel=\"noopener noreferrer\">www.picharchitects.com<\/a> \/<a href=\"http:\/\/www.jolivet-roche.com\" target=\"_blank\" rel=\"noopener noreferrer\"> www.jolivet-roche.com<\/a> \/ <a href=\"http:\/\/www. guyot-architecte.com\" target=\"_blank\" rel=\"noopener noreferrer\">www. guyot-architecte.com <\/a>\/ <a href=\"http:\/\/www.anthracite-architecture.com\" target=\"_blank\" rel=\"noopener noreferrer\">www.anthracite-architecture.com<\/a> \/ <a href=\"http:\/\/www.atelierparallele.net\" target=\"_blank\" rel=\"noopener noreferrer\">www.atelierparallele.net<\/a> \/ <a href=\"http:\/\/www.je-architectes.fr\" target=\"_blank\" rel=\"noopener noreferrer\">www.je-architectes.fr<\/a> \/ <a href=\"http:\/\/www.eurovia.fr\" target=\"_blank\" rel=\"noopener noreferrer\">www.eurovia.fr\u00a0<\/a> \/ <a href=\"http:\/\/www.mahevas.fr\" target=\"_blank\" rel=\"noopener noreferrer\">www.mahevas.fr<\/a> \/ <a href=\"http:\/\/www.constructions-martin.com\" target=\"_blank\" rel=\"noopener noreferrer\">www.constructions-martin.com<\/a> \/ <a href=\"http:\/\/www.lab.archi\" target=\"_blank\" rel=\"noopener noreferrer\">www.lab.archi<\/a> \/ <a href=\"http:\/\/www.blockwood.fr\/\">www.blockwood.fr<\/a> \/ <a href=\"http:\/\/www.tanguy-architecte.com\/\">www.tanguy-architecte.com<\/a> \/ <a href=\"http:\/\/www.abyssmedia.fr\/\">www.abyssmedia.fr<\/a> \/ <a href=\"http:\/\/archi.anne.favry.free.fr\/\">www.archi.anne.favry.free.fr<\/a> \/ <a href=\"http:\/\/www.grignou-stephan.com\/\">www.grignou-stephan.com<\/a> \/ <a href=\"http:\/\/www.oplusp.com\/\">www.oplusp.com<\/a> \/ <a href=\"http:\/\/jcra.fr\/\">www.jcra.fr<\/a> \/ <a href=\"http:\/\/www.groupejeulin.fr\/\">www.groupejeulin.fr<\/a> \/ <a href=\"http:\/\/www.paumier-architectes.fr\">www.paumier-architectes.fr<\/a> \/ <a href=\"http:\/\/www.bodenezlegallasalle.com\">www.bodenezlegallasalle.com<\/a> \/ <a href=\"http:\/\/fr.calameo.com\/read\/00504862481e97eb26800\">book-couasnon-launay-architecte<\/a> \/ <a href=\"https:\/\/cfarchitecture.fr\/accueil\" target=\"_blank\" rel=\"noopener noreferrer\">www.cfarchitecture.fr\/accueil<\/a> \/ <a href=\"http:\/\/www.briand-renault.com\/\">www.briand-renault.com<\/a> \/www.<a href=\"http:\/\/josefapricoupenko.com\">josefapricoupenko.com<\/a> \/ <a href=\"http:\/\/www.atelier-alp.bzh\">www.atelier-alp.bzh<\/a> \/<a href=\"http:\/\/atelierl2.fr\"> www.atelierl2.fr<\/a> \/ <a href=\"https:\/\/www.o2conceptarchitecture.fr\">www.o2conceptarchitecture.fr<\/a> \/ <a href=\"https:\/\/www.saac.fr\">www.saac.fr<\/a> \/ <a href=\"https:\/\/www.rocher.archi\">www.rocher.archi<\/a> \/ <a href=\"http:\/\/studio-02.com\">www.studio-02.com<\/a> \/<a href=\"http:\/\/(www.paulbouetarchitectes.com\"> www.paulbouetarchitectes.com<\/a> \/ <a href=\"https:\/\/www.phenome-architectures.com\">www.phenome-architectures.com<\/a> \/ <a href=\"https:\/\/cfarchitecture.fr\/accueil\">www.cfarchitecture.fr<\/a> \/ <a href=\"https:\/\/www.clairelefort-architectes.com\">www.clairelefort-architectes.com<\/a> \/ <a href=\"https:\/\/lab-architecture.fr\">www.lab-architecture.fr<\/a> \/ <a href=\"http:\/\/quinze.archi\">www.quinze.archi<\/a> \/ <a href=\"https:\/\/www.martial-architecte.com\">www.martial-architecte.com<\/a> \/ <a href=\"https:\/\/www.entreprise-coreva.fr\">www.entreprise-coreva.fr<\/a> \/ <a href=\"https:\/\/elzinc.es\">www.elzinc.es<\/a> \/ <a href=\"https:\/\/www.duarib.fr\">www.duarib.fr<\/a> \/ <a href=\"https:\/\/aialifedesigners.fr\">www.aialifedesigners.fr <\/a>\/ <a href=\"https:\/\/quinze.archi\">www.quinze.archi<\/a> \/ \/ \/ \/ \/ \/ \/ \/ \/[\/vc_column_text][\/vc_column][\/vc_row]<\/p>\n<\/div>","protected":false},"excerpt":{"rendered":"<p>INTERVALphoto, Quideau Fran\u00e7ois, photographe d&rsquo;architecture, photographe architecture, pour architectes, promotion immobili\u00e8re, vente immobili\u00e8re, bureaux d&rsquo;\u00e9tudes, commerces, institutions, bailleur, maitre d&rsquo;oeuvre, maitre d&rsquo;ouvrage&#8230;<\/p>\n","protected":false},"author":1,"featured_media":0,"parent":0,"menu_order":0,"comment_status":"closed","ping_status":"closed","template":"template-portfolio.php","meta":{"jetpack_post_was_ever_published":false,"footnotes":""},"class_list":["post-184","page","type-page","status-publish","hentry"],"yoast_head":"<!-- This site is optimized with the Yoast SEO plugin v27.5 - https:\/\/yoast.com\/product\/yoast-seo-wordpress\/ -->\n<title>photographe d&#039;architecture \u00a9 INTERVALphoto, Quideau Fran\u00e7ois, Bretagne<\/title>\n<meta name=\"description\" content=\"INTERVALphoto : photographe d&#039;architecture sp\u00e9cialiste (logements, \u00e9quipements, institutions, maisons individuelles.) Rennes, Nantes, Bretagne, Grand Ouest.\" \/>\n<meta name=\"robots\" content=\"index, follow, max-snippet:-1, max-image-preview:large, max-video-preview:-1\" \/>\n<link rel=\"canonical\" href=\"https:\/\/intervalphoto.fr\/photographe-architecture-et-industrie\/\" \/>\n<meta property=\"og:locale\" content=\"fr_FR\" \/>\n<meta property=\"og:type\" content=\"article\" \/>\n<meta property=\"og:title\" content=\"photographe d&#039;architecture \u00a9 INTERVALphoto, Quideau Fran\u00e7ois, Bretagne\" \/>\n<meta property=\"og:description\" content=\"INTERVALphoto : photographe d&#039;architecture sp\u00e9cialiste (logements, \u00e9quipements, institutions, maisons individuelles.) Rennes, Nantes, Bretagne, Grand Ouest.\" \/>\n<meta property=\"og:url\" content=\"https:\/\/intervalphoto.fr\/photographe-architecture-et-industrie\/\" \/>\n<meta property=\"og:site_name\" content=\"INTERVALphoto\" \/>\n<meta property=\"article:publisher\" content=\"https:\/\/www.facebook.com\/intervalphoto35\/\" \/>\n<meta property=\"article:modified_time\" content=\"2025-11-03T10:13:57+00:00\" \/>\n<meta name=\"twitter:card\" content=\"summary_large_image\" \/>\n<meta name=\"twitter:site\" content=\"@intervalphoto35\" \/>\n<meta name=\"twitter:label1\" content=\"Dur\u00e9e de lecture estim\u00e9e\" \/>\n\t<meta name=\"twitter:data1\" content=\"3 minutes\" \/>\n<script type=\"application\/ld+json\" class=\"yoast-schema-graph\">{\"@context\":\"https:\\\/\\\/schema.org\",\"@graph\":[{\"@type\":\"WebPage\",\"@id\":\"https:\\\/\\\/intervalphoto.fr\\\/photographe-architecture-et-industrie\\\/\",\"url\":\"https:\\\/\\\/intervalphoto.fr\\\/photographe-architecture-et-industrie\\\/\",\"name\":\"photographe d'architecture \u00a9 INTERVALphoto, Quideau Fran\u00e7ois, Bretagne\",\"isPartOf\":{\"@id\":\"https:\\\/\\\/intervalphoto.fr\\\/photographe-architecture-et-industrie\\\/#website\"},\"datePublished\":\"2015-09-16T18:20:44+00:00\",\"dateModified\":\"2025-11-03T10:13:57+00:00\",\"description\":\"INTERVALphoto : photographe d'architecture sp\u00e9cialiste (logements, \u00e9quipements, institutions, maisons individuelles.) Rennes, Nantes, Bretagne, Grand Ouest.\",\"breadcrumb\":{\"@id\":\"https:\\\/\\\/intervalphoto.fr\\\/photographe-architecture-et-industrie\\\/#breadcrumb\"},\"inLanguage\":\"fr-FR\",\"potentialAction\":[{\"@type\":\"ReadAction\",\"target\":[\"https:\\\/\\\/intervalphoto.fr\\\/photographe-architecture-et-industrie\\\/\"]}]},{\"@type\":\"BreadcrumbList\",\"@id\":\"https:\\\/\\\/intervalphoto.fr\\\/photographe-architecture-et-industrie\\\/#breadcrumb\",\"itemListElement\":[{\"@type\":\"ListItem\",\"position\":1,\"name\":\"Accueil\",\"item\":\"https:\\\/\\\/intervalphoto.fr\\\/photographe-architecture-et-industrie\\\/\"},{\"@type\":\"ListItem\",\"position\":2,\"name\":\"INTERVALphoto, photographe d&rsquo;architecture\"}]},{\"@type\":\"WebSite\",\"@id\":\"https:\\\/\\\/intervalphoto.fr\\\/photographe-architecture-et-industrie\\\/#website\",\"url\":\"https:\\\/\\\/intervalphoto.fr\\\/photographe-architecture-et-industrie\\\/\",\"name\":\"INTERVALphoto\",\"description\":\"revealing...\",\"potentialAction\":[{\"@type\":\"SearchAction\",\"target\":{\"@type\":\"EntryPoint\",\"urlTemplate\":\"https:\\\/\\\/intervalphoto.fr\\\/photographe-architecture-et-industrie\\\/?s={search_term_string}\"},\"query-input\":{\"@type\":\"PropertyValueSpecification\",\"valueRequired\":true,\"valueName\":\"search_term_string\"}}],\"inLanguage\":\"fr-FR\"}]}<\/script>\n<!-- \/ Yoast SEO plugin. -->","yoast_head_json":{"title":"photographe d'architecture \u00a9 INTERVALphoto, Quideau Fran\u00e7ois, Bretagne","description":"INTERVALphoto : photographe d'architecture sp\u00e9cialiste (logements, \u00e9quipements, institutions, maisons individuelles.) Rennes, Nantes, Bretagne, Grand Ouest.","robots":{"index":"index","follow":"follow","max-snippet":"max-snippet:-1","max-image-preview":"max-image-preview:large","max-video-preview":"max-video-preview:-1"},"canonical":"https:\/\/intervalphoto.fr\/photographe-architecture-et-industrie\/","og_locale":"fr_FR","og_type":"article","og_title":"photographe d'architecture \u00a9 INTERVALphoto, Quideau Fran\u00e7ois, Bretagne","og_description":"INTERVALphoto : photographe d'architecture sp\u00e9cialiste (logements, \u00e9quipements, institutions, maisons individuelles.) Rennes, Nantes, Bretagne, Grand Ouest.","og_url":"https:\/\/intervalphoto.fr\/photographe-architecture-et-industrie\/","og_site_name":"INTERVALphoto","article_publisher":"https:\/\/www.facebook.com\/intervalphoto35\/","article_modified_time":"2025-11-03T10:13:57+00:00","twitter_card":"summary_large_image","twitter_site":"@intervalphoto35","twitter_misc":{"Dur\u00e9e de lecture estim\u00e9e":"3 minutes"},"schema":{"@context":"https:\/\/schema.org","@graph":[{"@type":"WebPage","@id":"https:\/\/intervalphoto.fr\/photographe-architecture-et-industrie\/","url":"https:\/\/intervalphoto.fr\/photographe-architecture-et-industrie\/","name":"photographe d'architecture \u00a9 INTERVALphoto, Quideau Fran\u00e7ois, Bretagne","isPartOf":{"@id":"https:\/\/intervalphoto.fr\/photographe-architecture-et-industrie\/#website"},"datePublished":"2015-09-16T18:20:44+00:00","dateModified":"2025-11-03T10:13:57+00:00","description":"INTERVALphoto : photographe d'architecture sp\u00e9cialiste (logements, \u00e9quipements, institutions, maisons individuelles.) Rennes, Nantes, Bretagne, Grand Ouest.","breadcrumb":{"@id":"https:\/\/intervalphoto.fr\/photographe-architecture-et-industrie\/#breadcrumb"},"inLanguage":"fr-FR","potentialAction":[{"@type":"ReadAction","target":["https:\/\/intervalphoto.fr\/photographe-architecture-et-industrie\/"]}]},{"@type":"BreadcrumbList","@id":"https:\/\/intervalphoto.fr\/photographe-architecture-et-industrie\/#breadcrumb","itemListElement":[{"@type":"ListItem","position":1,"name":"Accueil","item":"https:\/\/intervalphoto.fr\/photographe-architecture-et-industrie\/"},{"@type":"ListItem","position":2,"name":"INTERVALphoto, photographe d&rsquo;architecture"}]},{"@type":"WebSite","@id":"https:\/\/intervalphoto.fr\/photographe-architecture-et-industrie\/#website","url":"https:\/\/intervalphoto.fr\/photographe-architecture-et-industrie\/","name":"INTERVALphoto","description":"revealing...","potentialAction":[{"@type":"SearchAction","target":{"@type":"EntryPoint","urlTemplate":"https:\/\/intervalphoto.fr\/photographe-architecture-et-industrie\/?s={search_term_string}"},"query-input":{"@type":"PropertyValueSpecification","valueRequired":true,"valueName":"search_term_string"}}],"inLanguage":"fr-FR"}]}},"jetpack_sharing_enabled":true,"jetpack_likes_enabled":true,"jetpack-related-posts":[],"_links":{"self":[{"href":"https:\/\/intervalphoto.fr\/photographe-architecture-et-industrie\/wp-json\/wp\/v2\/pages\/184","targetHints":{"allow":["GET"]}}],"collection":[{"href":"https:\/\/intervalphoto.fr\/photographe-architecture-et-industrie\/wp-json\/wp\/v2\/pages"}],"about":[{"href":"https:\/\/intervalphoto.fr\/photographe-architecture-et-industrie\/wp-json\/wp\/v2\/types\/page"}],"author":[{"embeddable":true,"href":"https:\/\/intervalphoto.fr\/photographe-architecture-et-industrie\/wp-json\/wp\/v2\/users\/1"}],"replies":[{"embeddable":true,"href":"https:\/\/intervalphoto.fr\/photographe-architecture-et-industrie\/wp-json\/wp\/v2\/comments?post=184"}],"version-history":[{"count":2,"href":"https:\/\/intervalphoto.fr\/photographe-architecture-et-industrie\/wp-json\/wp\/v2\/pages\/184\/revisions"}],"predecessor-version":[{"id":40271,"href":"https:\/\/intervalphoto.fr\/photographe-architecture-et-industrie\/wp-json\/wp\/v2\/pages\/184\/revisions\/40271"}],"wp:attachment":[{"href":"https:\/\/intervalphoto.fr\/photographe-architecture-et-industrie\/wp-json\/wp\/v2\/media?parent=184"}],"curies":[{"name":"wp","href":"https:\/\/api.w.org\/{rel}","templated":true}]}}